{"id":41,"date":"2022-05-30T11:47:18","date_gmt":"2022-05-30T11:47:18","guid":{"rendered":"https:\/\/themexriver.com\/wp\/roonix\/?page_id=41"},"modified":"2026-03-29T11:27:40","modified_gmt":"2026-03-29T11:27:40","slug":"expressmalen24","status":"publish","type":"page","link":"https:\/\/lkwstorecontrol.com\/malerwien24\/expressmalen24\/","title":{"rendered":"Express Malen in 24 Stunden"},"content":{"rendered":"\t\t<div data-elementor-type=\"wp-page\" data-elementor-id=\"41\" class=\"elementor elementor-41\">\n\t\t\t\t\t\t<section class=\"elementor-section elementor-top-section elementor-element elementor-element-4e3a59f elementor-section-full_width elementor-section-height-default elementor-section-height-default\" data-id=\"4e3a59f\" data-element_type=\"section\">\n\t\t\t\t\t\t<div class=\"elementor-container elementor-column-gap-default\">\n\t\t\t\t\t<div class=\"elementor-column elementor-col-100 elementor-top-column elementor-element elementor-element-0bd747d\" data-id=\"0bd747d\" data-element_type=\"column\">\n\t\t\t<div class=\"elementor-widget-wrap elementor-element-populated\">\n\t\t\t\t\t\t<div class=\"elementor-element elementor-element-33974cf elementor-invisible elementor-widget elementor-widget-roonix_project_details\" data-id=\"33974cf\" data-element_type=\"widget\" data-settings=\"{&quot;_animation&quot;:&quot;slideInDown&quot;}\" data-widget_type=\"roonix_project_details.default\">\n\t\t\t\t<div class=\"elementor-widget-container\">\n\t\t\t\t\t    \r\n    <section class=\"project-detail-section\">\r\n        <div class=\"auto-container\">\r\n                        <div class=\"lower-content\">\r\n                <h3>MALER ARBEITEN IN WIEN<\/h3>                                                <p>Schnelle Malerarbeiten in Wohnungen, H\u00e4usern, B\u00fcros und Gesch\u00e4ftsr\u00e4umen, damit Sie keine Zeit verlieren. Blitzschnelle und reibungslose Ausf\u00fchrung ab Auftragserteilung.<\/p>                                \r\n\t\t\t\t                                \r\n                \r\n            <\/div>\r\n        <\/div>\r\n    <\/section>\r\n  \r\n    \t\t\t\t<\/div>\n\t\t\t\t<\/div>\n\t\t\t\t\t<\/div>\n\t\t<\/div>\n\t\t\t\t\t<\/div>\n\t\t<\/section>\n\t\t<div class=\"elementor-element elementor-element-364e66b e-flex e-con-boxed e-con e-parent\" data-id=\"364e66b\" data-element_type=\"container\">\n\t\t\t\t\t<div class=\"e-con-inner\">\n\t\t\t\t<div class=\"elementor-element elementor-element-2b052fc elementor-invisible elementor-widget elementor-widget-text-editor\" data-id=\"2b052fc\" data-element_type=\"widget\" data-settings=\"{&quot;_animation&quot;:&quot;slideInLeft&quot;}\" data-widget_type=\"text-editor.default\">\n\t\t\t\t\t\t\t\t\t<h3>UNSERE LEISTUNGEN<\/h3><ol><li>Innenanstrich, Tapezieren<\/li><li>Au\u00dfenanstrich, Fassaden<\/li><li>Anstrich von Fenstern und T\u00fcren<\/li><li>Reinigungsanstrich (innerhalb von bis zu 24 Stunden)<\/li><li>Anstrich nach Schadensf\u00e4llen (Versicherung)<\/li><li>Kostenloser Kostenvoranschlag<\/li><\/ol>\t\t\t\t\t\t\t\t<\/div>\n\t\t\t\t\t<\/div>\n\t\t\t\t<\/div>\n\t\t\t\t<\/div>\n\t\t","protected":false},"excerpt":{"rendered":"<p>MALER ARBEITEN IN WIEN Schnelle Malerarbeiten in Wohnungen, H\u00e4usern, B\u00fcros und Gesch\u00e4ftsr\u00e4umen, damit Sie keine Zeit verlieren. Blitzschnelle und reibungslose Ausf\u00fchrung ab Auftragserteilung. UNSERE LEISTUNGEN Innenanstrich, Tapezieren Au\u00dfenanstrich, Fassaden Anstrich von Fenstern und T\u00fcren Reinigungsanstrich (innerhalb von bis zu 24 Stunden) Anstrich nach Schadensf\u00e4llen (Versicherung) Kostenloser Kostenvoranschlag<\/p>\n","protected":false},"author":1,"featured_media":0,"parent":0,"menu_order":0,"comment_status":"closed","ping_status":"closed","template":"tpl-default-elementor.php","meta":{"ngg_post_thumbnail":0,"footnotes":""},"class_list":["post-41","page","type-page","status-publish","hentry"],"_links":{"self":[{"href":"https:\/\/lkwstorecontrol.com\/malerwien24\/wp-json\/wp\/v2\/pages\/41","targetHints":{"allow":["GET"]}}],"collection":[{"href":"https:\/\/lkwstorecontrol.com\/malerwien24\/wp-json\/wp\/v2\/pages"}],"about":[{"href":"https:\/\/lkwstorecontrol.com\/malerwien24\/wp-json\/wp\/v2\/types\/page"}],"author":[{"embeddable":true,"href":"https:\/\/lkwstorecontrol.com\/malerwien24\/wp-json\/wp\/v2\/users\/1"}],"replies":[{"embeddable":true,"href":"https:\/\/lkwstorecontrol.com\/malerwien24\/wp-json\/wp\/v2\/comments?post=41"}],"version-history":[{"count":35,"href":"https:\/\/lkwstorecontrol.com\/malerwien24\/wp-json\/wp\/v2\/pages\/41\/revisions"}],"predecessor-version":[{"id":1581,"href":"https:\/\/lkwstorecontrol.com\/malerwien24\/wp-json\/wp\/v2\/pages\/41\/revisions\/1581"}],"wp:attachment":[{"href":"https:\/\/lkwstorecontrol.com\/malerwien24\/wp-json\/wp\/v2\/media?parent=41"}],"curies":[{"name":"wp","href":"https:\/\/api.w.org\/{rel}","templated":true}]}}